he prime factors of 50286908?
2, 7, 1795961
List the prime factors of 137130145.
5, 131, 209359
What are the prime factors of 462508276?
2, 1583, 73043
What are the prime factors of 72378932?
2, 18094733
What are the prime factors of 24003156?
2, 3, 19, 105277
What are the prime factors of 90646147?
90646147
What are the prime factors of 229077052?
2, 57269263
What are the prime factors of 1248642?
2, 3, 19, 1217
What are the prime factors of 74843029?
283, 264463
What are the prime factors of 606294238?
2, 11, 43, 409, 1567
List the prime factors of 31809880.
2, 5, 809, 983
What are the prime factors of 3580914882?
2, 3, 2207, 270421
List the prime factors of 17635115.
5, 3527023
List the prime factors of 521788474.
2, 29, 1123, 8011
What are the prime factors of 128632343?
7, 18376049
List the prime factors of 749875765.
5, 29, 5171557
List the prime factors of 3654330935.
5, 367, 1991461
What are the prime factors of 1547943684?
2, 3, 7, 41, 47, 73, 131
What are the prime factors of 32224956?
2, 3, 571, 4703
List the prime factors of 927677913.
3, 17, 67, 271489
List the prime factors of 88920330.
2, 3, 5, 2964011
List the prime factors of 52565160.
2, 3, 5, 37, 11839
What are the prime factors of 1172715334?
2, 7, 11966483
What are the prime factors of 44906344?
2, 7, 97, 1181
List the prime factors of 549956231.
11, 73, 701, 977
List the prime factors of 36755360.
2, 5, 17, 13513
List the prime factors of 2999903987.
43, 1429, 48821
List the prime factors of 1895648282.
2, 11, 86165831
What are the prime factors of 4600003567?
4600003567
List the prime factors of 6856036000.
2, 5, 11, 19, 59, 139
What are the prime factors of 1729098884?
2, 432274721
What are the prime factors of 208223531?
17, 23, 37, 389
List the prime factors of 40755590.
2, 5, 4075559
List the prime factors of 2298977366.
2, 7, 164212669
List the prime factors of 2882462181.
3, 31, 30994217
What are the prime factors of 10302892?
2, 2575723
What are the prime factors of 7221466556?
2, 227, 7953157
What are the prime factors of 805448798?
2, 7, 11, 19, 151, 1823
What are the prime factors of 162354667?
2819, 57593
List the prime factors of 274544722.
2, 419, 327619
What are the prime factors of 53505484?
2, 109, 122719
List the prime factors of 641271875.
5, 17, 12071
What are the prime factors of 171702266?
2, 83, 389, 2659
List the prime factors of 27984026.
2, 7, 827, 2417
List the prime factors of 19606509.
3, 13, 83, 673
List the prime factors of 6547982.
2, 7, 467713
List the prime factors of 12085777.
11, 1098707
List the prime factors of 28958588.
2, 29, 31, 8053
List the prime factors of 177319358.
2, 43, 239, 8627
List the prime factors of 46506186.
2, 3, 17, 19, 421
What are the prime factors of 190914425?
5, 13, 587429
List the prime factors of 363670808.
2, 59, 83, 9283
What are the prime factors of 2000119887?
3, 17, 3163, 4133
List the prime factors of 1313355696.
2, 3, 19, 131, 10993
List the prime factors of 1046011757.
7, 149430251
List the prime factors of 147222446.
2, 7, 53, 198413
What are the prime factors of 60817419?
3, 13, 163, 1063
List the prime factors of 25806943.
23, 1122041
List the prime factors of 346860063.
3, 11, 71, 5483
What are the prime factors of 73835661?
3, 131, 187877
List the prime factors of 4078824253.
7, 131, 4448009
What are the prime factors of 129990092?
2, 17, 1911619
What are the prime factors of 87685226?
2, 431, 101723
What are the prime factors of 45890218?
2, 11, 17239
List the prime factors of 353878212.
2, 3, 37, 383, 2081
What are the prime factors of 6013546075?
5, 19, 23, 550439
List the prime factors of 232436426.
2, 9431, 12323
List the prime factors of 95900375.
5, 767203
List the prime factors of 5043197.
1933, 2609
What are the prime factors of 4672354?
2, 2336177
List the prime factors of 5685514444.
2, 41, 631, 54941
What are the prime factors of 5024219675?
5, 200968787
What are the prime factors of 1367685025?
5, 7, 1193, 6551
What are the prime factors of 48804056?
2, 7, 149, 5849
List the prime factors of 256583798.
2, 128291899
What are the prime factors of 1056125942?
2, 528062971
What are the prime factors of 192171233?
23, 8355271
What are the prime factors of 387686089?
7, 19, 416419
List the prime factors of 6438199824.
2, 3, 7, 41, 155783
What are the prime factors of 112909216?
2, 7, 83, 6073
What are the prime factors of 22791949?
193, 118093
List the prime factors of 3038620918.
2, 2683, 566273
List the prime factors of 1561187108.
2, 13, 30022829
What are the prime factors of 52153887?
3, 191, 91019
List the prime factors of 463807662.
2, 3, 41, 1061, 1777
List the prime factors of 901151506.
2, 450575753
List the prime factors of 496984555.
5, 37, 163, 16481
What are the prime factors of 61866685?
5, 1181, 10477
List the prime factors of 34920324.
2, 3, 311, 3119
What are the prime factors of 82063056?
2, 3, 61, 28027
What are the prime factors of 17915961?
3, 7, 53, 16097
List the prime factors of 403575173.
229, 827, 2131
What are the prime factors of 337453653?
3, 37, 199, 15277
What are the prime factors of 3188922081?
3, 1062974027
List the prime factors of 69438733.
7, 13, 67, 1627
List the prime factors of 277955980.
2, 5, 653, 21283
What are the prime factors of 589735951?
7, 167, 504479
What are the prime factors of 1366570798?
2, 683285399
List the prime factors of 249269585.
5, 49853917
List the prime factors of 364156403.
13, 28012031
List the prime factors of 6154053004.
2, 11, 139864841
What are the prime factors of 33184125?
3, 5, 13, 2269
List the prime factors of 25552131.
3, 11, 19, 83, 491
List the prime factors of 109596609.
3, 12177401
What are the prime factors of 187625743?
23, 8157641
List the prime factors of 113924452.
2, 28481113
What are the prime factors of 28807668?
2, 3, 800213
What are the prime factors of 13255749?
3, 13, 19, 67, 89
What are the prime factors of 50204206?
2, 13, 1930931
What are the prime factors of 32655286?
2, 421, 38783
What are the prime factors of 32329393?
17, 19, 101, 991
What are the prime factors of 37902343?
233, 162671
List the prime factors of 89965270.
2, 5, 8996527
What are the prime factors of 56289554?
2, 79, 356263
What are the prime factors of 79613817?
3, 47, 97, 5821
What are the prime factors of 208068482?
2, 71, 113, 12967
What are the prime factors of 657374895?
3, 5, 991, 14741
List the prime factors of 632619710.
2, 5, 37, 1709783
What are the prime factors of 411580468?
2, 13, 41, 71, 2719
List the prime factors of 947841750.
2, 3, 5, 46807
What are the prime factors of 255335996?
2, 61, 1046459
List the prime factors of 22688885.
5, 4537777
What are the prime factors of 42637597?
61, 698977
List the prime factors of 2432582600.
2, 5, 7, 1737559
List the prime factors of 56759288.
2, 79, 89809
List the prime factors of 62570806.
2, 29, 1078807
List the prime factors of 47269775.
5, 7, 17, 15889
What are the prime factors of 1941354873?
3, 809, 266633
List the prime factors of 2174997923.
7, 97, 1039, 3083
List the prime factors of 1452890774.
2, 726445387
List the prime factors of 675798989.
675798989
What are the prime factors of 247282833?
3, 7, 17, 313, 2213
What are the prime factors of 1434233849?
17, 37, 317, 7193
What are the prime factors of 2391297787?
23, 1153, 90173
List the prime factors of 1377014744.
2, 7, 599, 41051
List the prime factors of 5634401889.
3, 1878133963
List the prime factors of 108327103.
108327103
List the prime factors of 3367157213.
7, 37, 107, 121501
What are the prime factors of 310067281?
43, 73, 98779
What are the prime factors of 58321873?
58321873
What are the prime factors of 1534777851?
3, 511592617
List the prime factors of 601650745.
5, 97, 1240517
List the prime factors of 100618926.
2, 3, 757, 22153
List the prime factors of 459133430.
2, 5, 7, 937007
List the prime factors of 385654180.
2, 5, 17, 29, 39113
What are the prime factors of 2329469030?
2, 5, 7, 17, 139, 14083
List the prime factors of 418993079.
61, 6868739
List the prime factors of 533948165.
5, 19, 113, 49739
What are the prime factors of 3050208625?
5, 1103, 22123
What are the prime factors of 1543854466?
2, 7, 11, 1432147
What are the prime factors of 10163379?
3, 283, 11971
What are the prime f